{"id":1111,"date":"2020-12-31T00:47:44","date_gmt":"2020-12-30T22:47:44","guid":{"rendered":"https:\/\/convestmedical.ro\/?page_id=1111"},"modified":"2021-01-04T19:14:52","modified_gmt":"2021-01-04T17:14:52","slug":"contact","status":"publish","type":"page","link":"https:\/\/convestmedical.ro\/?page_id=1111","title":{"rendered":"Contact"},"content":{"rendered":"<div class=\"vc_row wpb_row vc_row-fluid in-full-column mov-right1-section\"><img loading=\"lazy\" class=\"alignnone size-medium wp-image-988\" src=\"https:\/\/convestmedical.ro\/wp-content\/uploads\/2020\/12\/CM-logo-mare-300x75.jpg\" alt=\"\" width=\"300\" height=\"75\" srcset=\"https:\/\/convestmedical.ro\/wp-content\/uploads\/2020\/12\/CM-logo-mare-300x75.jpg 300w, https:\/\/convestmedical.ro\/wp-content\/uploads\/2020\/12\/CM-logo-mare-1024x256.jpg 1024w, https:\/\/convestmedical.ro\/wp-content\/uploads\/2020\/12\/CM-logo-mare-768x192.jpg 768w, https:\/\/convestmedical.ro\/wp-content\/uploads\/2020\/12\/CM-logo-mare-1536x384.jpg 1536w, https:\/\/convestmedical.ro\/wp-content\/uploads\/2020\/12\/CM-logo-mare.jpg 1600w\" sizes=\"(max-width: 300px) 100vw, 300px\" \/><\/div>\n<div class=\"vc_row wpb_row vc_row-fluid in-full-column mov-right1-section\">\n<div class=\"wpb_column vc_column_container vc_col-sm-3\">\n<div class=\"vc_column-inner \">\n<div class=\"wpb_wrapper\">\n<div class=\"wpb_text_column wpb_content_element \">\n<div class=\"wpb_wrapper\">\n<p class=\"p1\"><img loading=\"lazy\" class=\"alignnone size-full wp-image-1071\" src=\"https:\/\/convestmedical.ro\/wp-content\/uploads\/2020\/12\/CM-fatada.jpg\" alt=\"\" width=\"960\" height=\"720\" srcset=\"https:\/\/convestmedical.ro\/wp-content\/uploads\/2020\/12\/CM-fatada.jpg 960w, https:\/\/convestmedical.ro\/wp-content\/uploads\/2020\/12\/CM-fatada-300x225.jpg 300w, https:\/\/convestmedical.ro\/wp-content\/uploads\/2020\/12\/CM-fatada-768x576.jpg 768w\" sizes=\"(max-width: 960px) 100vw, 960px\" \/><\/p>\n<\/div>\n<\/div>\n<\/div>\n<\/div>\n<\/div>\n<\/div>\n<p><code><div class=\"vsg-map\"><iframe align=\"left\" width=\"500\" height=\"500\" frameborder=\"0\" scrolling=\"no\" marginheight=\"0\" marginwidth=\"0\" src=\"https:\/\/maps.google.com\/maps?&q=Convest+Company%2C+Bra%C8%99ov%2C+str.+Zizinului%2C+nr.+119&amp;cid=&amp;t=m&amp;center=Convest+Company%2C+Bra%C8%99ov%2C+str.+Zizinului%2C+nr.+119&output=embed&z=14&iwloc=A&visual_refresh=true\"><\/iframe><\/div><\/code><\/p>\n<div id=\"contact\" class=\"vc_row wpb_row vc_row-fluid\">\n<div class=\"wpb_column vc_column_container vc_col-sm-3\">\n<div class=\"vc_column-inner \">\n<div class=\"wpb_wrapper\">\n<div class=\"wpb_text_column wpb_content_element \">\n<div class=\"wpb_wrapper\">\n<p>&nbsp;<\/p>\n<p><strong>Convest Medical SRL,<\/strong> CIF 40077895, J8\/2497\/30.10.2018<\/p>\n<p class=\"p1\">Brasov, Str. Zizinului, nr. 119, Ob. 6 adm. (Parter + Etaj), reper Parcul Industrial Carfil (vis-a-vis de stadionul de fotbal Carpati)<\/p>\n<p><img src=\"https:\/\/convestmedical.ro\/wp-content\/uploads\/2019\/08\/phone-call.png\" \/>\u00a0 \u00a00268 707 015 ; 0790007777<\/p>\n<\/div>\n<\/div>\n<\/div>\n<\/div>\n<\/div>\n<div class=\"wpb_column vc_column_container vc_col-sm-3\">\n<div class=\"vc_column-inner \">\n<div class=\"wpb_wrapper\">\n<div class=\"wpb_text_column wpb_content_element \">\n<div class=\"wpb_wrapper\">\n<p class=\"p2\"><img src=\"https:\/\/convestmedical.ro\/wp-content\/uploads\/2019\/08\/envelope.png\" \/>\u00a0 \u00a0<a href=\"mailto:convestmedical@yahoo.com\">convestmedical@yahoo.com<\/a><\/p>\n<\/div>\n<\/div>\n<\/div>\n<\/div>\n<\/div>\n<div class=\"wpb_column vc_column_container vc_col-sm-3\">\n<div class=\"vc_column-inner \">\n<div class=\"wpb_wrapper\">\n<div class=\"wpb_text_column wpb_content_element \">\n<div class=\"wpb_wrapper\">Program de func\u021bionare general Luni-Vineri orele 07:00-20:00<\/div>\n<div>V\u0103 rug\u0103m s\u0103 v\u0103 informa\u021bi punctual pentru programul specific vizitei dvs. \u00een loca\u021bie, telefonic ori prin e-mail!<\/div>\n<\/div>\n<\/div>\n<\/div>\n<\/div>\n<div class=\"wpb_column vc_column_container vc_col-sm-3\">\n<div class=\"vc_column-inner \">\n<div class=\"wpb_wrapper\">\n<div class=\"wpb_text_column wpb_content_element \">\n<div class=\"wpb_wrapper\">\n<div class=\"tt-footer-box-info\">\n<p><a href=\"http:\/\/www.anpc.ro\/\">Link exterior Autoritatea Natioanala pentru Protectia Consumatorilor (ANPC<\/a>)<\/p>\n<\/div>\n<\/div>\n<\/div>\n<\/div>\n<\/div>\n<\/div>\n<\/div>\n","protected":false},"excerpt":{"rendered":"<p>&nbsp; Convest Medical SRL, CIF 40077895, J8\/2497\/30.10.2018 Brasov, Str. Zizinului, nr. 119, Ob. 6 adm. (Parter + Etaj), reper Parcul Industrial Carfil (vis-a-vis de stadionul de fotbal Carpati) \u00a0 \u00a00268 707 015 ; 0790007777 \u00a0 \u00a0convestmedical@yahoo.com Program de func\u021bionare general Luni-Vineri orele 07:00-20:00 V\u0103 rug\u0103m s\u0103 v\u0103 informa\u021bi punctual pentru programul specific vizitei dvs. \u00een [&hellip;]<\/p>\n","protected":false},"author":4,"featured_media":0,"parent":0,"menu_order":0,"comment_status":"closed","ping_status":"closed","template":"","meta":[],"_links":{"self":[{"href":"https:\/\/convestmedical.ro\/index.php?rest_route=\/wp\/v2\/pages\/1111"}],"collection":[{"href":"https:\/\/convestmedical.ro\/index.php?rest_route=\/wp\/v2\/pages"}],"about":[{"href":"https:\/\/convestmedical.ro\/index.php?rest_route=\/wp\/v2\/types\/page"}],"author":[{"embeddable":true,"href":"https:\/\/convestmedical.ro\/index.php?rest_route=\/wp\/v2\/users\/4"}],"replies":[{"embeddable":true,"href":"https:\/\/convestmedical.ro\/index.php?rest_route=%2Fwp%2Fv2%2Fcomments&post=1111"}],"version-history":[{"count":12,"href":"https:\/\/convestmedical.ro\/index.php?rest_route=\/wp\/v2\/pages\/1111\/revisions"}],"predecessor-version":[{"id":1180,"href":"https:\/\/convestmedical.ro\/index.php?rest_route=\/wp\/v2\/pages\/1111\/revisions\/1180"}],"wp:attachment":[{"href":"https:\/\/convestmedical.ro\/index.php?rest_route=%2Fwp%2Fv2%2Fmedia&parent=1111"}],"curies":[{"name":"wp","href":"https:\/\/api.w.org\/{rel}","templated":true}]}}